 of 477365?
False
Does 73 divide 148190?
True
Is 87553 a multiple of 105?
False
Does 10 divide 399560?
True
Does 98 divide 212072?
True
Is 70435 a multiple of 77?
False
Is 192 a factor of 12864?
True
Is 107950 a multiple of 170?
True
Is 62 a factor of 7750?
True
Does 38 divide 11883094?
True
Is 58488 a multiple of 7?
False
Is 19442325 a multiple of 203?
True
Does 159 divide 2213167?
False
Is 16 a factor of 187024?
True
Is 8552165 a multiple of 5?
True
Is 604032 a multiple of 264?
True
Does 623 divide 218471?
False
Is 11 a factor of 2302874?
False
Does 18 divide 15705037?
False
Does 1666 divide 8278354?
True
Does 134 divide 7566574?
False
Is 2202308 a multiple of 4?
True
Does 193 divide 1985005?
True
Does 1257 divide 8614221?
True
Is 4 a factor of 787499?
False
Is 256394 a multiple of 21?
False
Does 183 divide 1595380?
False
Does 382 divide 1083545?
False
Is 89722 a multiple of 397?
True
Is 14 a factor of 153704?
False
Is 2948472 a multiple of 17?
False
Does 27 divide 237276?
True
Is 863 a factor of 16615339?
True
Is 12 a factor of 867?
False
Does 44 divide 594475?
False
Is 16 a factor of 2911?
False
Does 12 divide 61164?
True
Does 17 divide 145065?
False
Is 162002 a multiple of 22?
False
Is 172824 a multiple of 152?
True
Does 55 divide 4906986?
False
Is 73 a factor of 844610?
True
Does 126 divide 118191?
False
Does 1019 divide 9528375?
False
Is 82 a factor of 483308?
True
Is 6 a factor of 29160?
True
Does 91 divide 658619?
False
Is 7 a factor of 3779580?
True
Is 9102314 a multiple of 81?
False
Is 748374 a multiple of 667?
True
Is 870371 a multiple of 74?
False
Is 4850818 a multiple of 62?
True
Is 32190 a multiple of 74?
True
Is 10 a factor of 161749?
False
Is 247 a factor of 22085?
False
Does 134 divide 197518?
False
Does 57 divide 724527?
True
Is 22757145 a multiple of 42?
False
Is 24 a factor of 11100782?
False
Is 1542572 a multiple of 19?
True
Is 4136878 a multiple of 48?
False
Is 954 a factor of 737442?
True
Is 56 a factor of 13402841?
False
Does 12 divide 1456668?
True
Is 66 a factor of 474985?
False
Is 1923912 a multiple of 108?
True
Does 214 divide 5968460?
True
Is 6449165 a multiple of 145?
True
Is 1690416 a multiple of 936?
True
Is 137291 a multiple of 9?
False
Is 6352068 a multiple of 161?
False
Is 29760 a multiple of 23?
False
Is 66 a factor of 239835?
False
Does 137 divide 1148770?
False
Is 444261 a multiple of 51?
True
Is 47 a factor of 2383605?
True
Does 12 divide 2228484?
True
Is 15 a factor of 273422?
False
Does 2 divide 71260?
True
Is 1457956 a multiple of 3?
False
Is 189 a factor of 22572?
False
Is 360 a factor of 442800?
True
Is 7056 even?
True
Is 46 a factor of 140988?
False
Is 202 a factor of 35552?
True
Is 97944 a multiple of 12?
True
Is 128294 a multiple of 15?
False
Is 34 a factor of 41480?
True
Does 98 divide 87142?
False
Is 5180 a multiple of 5?
True
Does 91 divide 25065747?
False
Is 60 a factor of 226106?
False
Is 15 a factor of 847800?
True
Is 20205852 a multiple of 2062?
False
Does 3 divide 14427?
True
Is 15 a factor of 1364061?
False
Does 112 divide 40992?
True
Is 8 a factor of 82276?
False
Is 6935339 a multiple of 605?
False
Is 17 a factor of 48773?
True
Is 470 a factor of 1227170?
True
Is 1166984 a multiple of 458?
True
Does 238 divide 182308?
True
Is 1737516 a multiple of 11?
True
Does 42 divide 279746?
False
Is 21 a factor of 496895?
False
Does 35 divide 1590085?
True
Does 142 divide 33558031?
False
Is 6579040 a multiple of 32?
True
Is 1748657 a multiple of 167?
True
Does 25 divide 379940?
False
Does 13 divide 84669?
True
Is 481 a factor of 223651?
False
Is 59 a factor of 74812?
True
Is 5078580 a multiple of 39?
True
Is 13 a factor of 9469785?
True
Is 568076 a multiple of 634?
False
Does 12 divide 222756?
True
Is 11198 a multiple of 3?
False
Is 122455 even?
False
Is 36 a factor of 343908?
True
Is 25 a factor of 140872?
False
Is 90009 a multiple of 84?
False
Is 90 a factor of 2304276?
False
Does 97 divide 1923800?
False
Does 27 divide 27527?
False
Does 4 divide 1796779?
False
Is 9 a factor of 832968?
True
Is 43 a factor of 286724?
True
Does 125 divide 354000?
True
Is 37937 a multiple of 15?
False
Does 39 divide 2730?
True
Does 160 divide 211003?
False
Is 4 a factor of 4257923?
False
Is 61 a factor of 7431203?
True
Is 14 a factor of 1086022?
True
Is 5386148 a multiple of 256?
False
Does 261 divide 506804?
False
Is 893386 a multiple of 9?
False
Does 791 divide 2264808?
False
Is 15 a factor of 1748241?
False
Does 131 divide 14895093?
True
Does 127 divide 19177?
True
Is 10630 a multiple of 4?
False
Does 27 divide 209803?
False
Does 932 divide 4654408?
True
Is 13 a factor of 893061?
True
Is 153063 a multiple of 6?
False
Is 16 a factor of 100528?
True
Does 113 divide 14537?
False
Is 210278 a multiple of 20?
False
Is 63730 a multiple of 86?
False
Is 538873 a multiple of 168?
False
Does 114 divide 187984?
False
Is 11715058 a multiple of 8?
False
Is 15736056 a multiple of 24?
True
Does 220 divide 849860?
True
Is 9 a factor of 738995?
False
Does 58 divide 3967664?
True
Is 111 a factor of 3674877?
True
Does 403 divide 57948?
False
Is 1047860 a multiple of 55?
True
Is 14 a factor of 1242570?
True
Does 20 divide 620080?
True
Is 20729 a multiple of 2?
False
Does 35 divide 1825495?
True
Does 365 divide 1236985?
True
Does 32 divide 1575538?
False
Is 385 a factor of 2992220?
True
Is 148 a factor of 3360932?
True
Does 194 divide 1576652?
False
Does 47 divide 3507227?
False
Is 2752002 a multiple of 82?
True
Is 20 a factor of 1274720?
True
Is 3376856 a multiple of 28?
True
Does 13 divide 289812?
False
Is 210110 a multiple of 12?
False
Is 27 a factor of 779679?
True
Does 57 divide 594852?
True
Is 6030 a multiple of 58?
False
Is 477496 a multiple of 176?
False
Is 3292179 a multiple of 67?
True
Is 31 a factor of 460257?
True
Is 100980 a multiple of 6?
True
Is 261438 a multiple of 416?
False
Does 623 divide 5352816?
True
Is 13026 a multiple of 6?
True
Is 15776 a multiple of 5?
False
Is 196 a factor of 102608?
False
Does 26 divide 1430176?
False
Is 2 a factor of 1156378?
True
Is 33 a factor of 1596616?
False
Is 62 a factor of 432698?
True
Is 368 a factor of 123280?
True
Is 124684 a multiple of 292?
True
Is 1477938 a multiple of 154?
True
Is 28 a factor of 9044?
True
Does 1430 divide 1188330?
True
Is 350922 a multiple of 78?
True
Is 358 a factor of 68378?
True
Is 85217 a multiple of 65?
False
Is 1438102 a multiple of 79?
False
Does 7 divide 1333356?
False
Is 3057124 a multiple of 41?
True
Does 9 divide 1133478?
True
Is 40 a factor of 520403?
False
Is 192681 a multiple of 15?
False
Does 880 divide 337920?
True
Does 100 divide 363064?
False
Is 1651054 a multiple of 274?
False
Does 53 divide 15769302?
True
Does 2 divide 35527?
False
Is 37222 a multiple of 38?
False
Does 52 divide 203840?
True
Is 1219 a factor of 3505844?
True
Is 27 a factor of 33723?
True
Is 7 a factor of 1257595?
False
Does 22 divide 3030088?
False
Does 15 divide 823976?
False
Is 5926200 a multiple of 17?
True
Is 10437008 a multiple of 94?
True
Is 8970 a multiple of 195?
True
Does 9 divide 148165?
False
Does 24 divide 74448?
True
Is 148628 a multiple of 146?
True
Is 138232 a multiple of 37?
True
Does 39 divide 233727?
True
Is 107692 a multiple of 109?
True
Does 330 divide 123580?
False
Is 772 a factor of 927498?
False
Does 70 divide 4425120?
True
Is 1644201 a multiple of 4?
False
Is 356835 a multiple of 74?
False
Is 393002 a multiple of 19?
False
Is 668955 a multiple of 21?
True
Does 2 divide 6214?
True
Is 259 a factor of 25727?
False
Is 419228 a multiple of 622?
True
Is 44 a factor of 3931445?
False
Does 14 divide 383745?
False
Is 33 a factor of 484486?
False
Is 601738 a multiple of 70?
False
Is 19964 a multiple of 46?
True
Is 29 a factor of 136068?
True
Is 1290225 a multiple of 75?
True
Is 338 a factor of 4391282?
False
Does 139 divide 13714713?
True
Does 249 divide 4011639?
True
Does 547 divide 72751?
True
Is 1045515 a multiple of 47?
True
Does 217 divide 2166283?
False
Does 65 divide 887120?
True
Does 104 divide 22776?
True
Is 27972 a multiple of 126?
True
Does 199 divide 9383835?
False
Is 208782 a multiple of 42?
True
Is 85 a factor of 1502460?
True
Does 104 divide 307507?
False
Does 10 divide 16119930?
True
Is 127702 a multiple of 67?
True
Is 17 a factor of 227